{"id":1321,"date":"2020-09-19T23:57:56","date_gmt":"2020-09-20T02:57:56","guid":{"rendered":"https:\/\/innovacion.goreaysen.cl\/ficwp\/?page_id=1321"},"modified":"2020-12-29T17:47:15","modified_gmt":"2020-12-29T20:47:15","slug":"iniciativas-2010","status":"publish","type":"page","link":"https:\/\/innovacion.goreaysen.cl\/ficwp\/iniciativas-2010\/","title":{"rendered":"Iniciativas 2010"},"content":{"rendered":"\n<p class=\"collapseomatic \" id=\"id69f31c8f23341\"  tabindex=\"0\" title=\" Listado Iniciativas (Desplegar)\"    > Listado Iniciativas (Desplegar)<\/p><p id='swap-id69f31c8f23341'  class='colomat-swap' style='display:none;'>Listado Iniciativas<\/p><div id=\"target-id69f31c8f23341\" class=\"collapseomatic_content \">\n\n\n\n<figure class=\"wp-block-table\"><table><tbody><tr><td><strong>Entidad Ejecutora<\/strong><\/td><td><strong>Nombre Proyecto<\/strong><\/td><td><strong>&nbsp;Monto Total&nbsp;($)<\/strong><\/td><td><strong>&nbsp;Aporte FIC-R ($)<\/strong><\/td><\/tr><tr><td><strong>INIA<\/strong><\/td><td>Aplicaci\u00f3n de Nuevas Tecnolog\u00edas para una Ovejer\u00eda Competitiva, comuna de Cochrane<\/td><td>&nbsp;&nbsp;&nbsp;&nbsp;&nbsp;&nbsp; 310.000.000<\/td><td>&nbsp;&nbsp; 310.000.000<\/td><\/tr><\/tbody><\/table><\/figure>\n\n\n\n<\/div>\n\n\n\n<p class=\"collapseomatic \" id=\"id69f31c8f233f0\"  tabindex=\"0\" title=\"Acuerdo Core (Desplegar)\"    >Acuerdo Core (Desplegar)<\/p><p id='swap-id69f31c8f233f0'  class='colomat-swap' style='display:none;'>Acuerdo Core<\/p><div id=\"target-id69f31c8f233f0\" class=\"collapseomatic_content \">\n\n\n\n<div class=\"wp-block-algori-pdf-viewer-block-algori-pdf-viewer\"><iframe class=\"wp-block-algori-pdf-viewer-block-algori-pdf-viewer-iframe\" src=\"https:\/\/innovacion.goreaysen.cl\/ficwp\/wp-content\/plugins\/algori-pdf-viewer\/dist\/web\/viewer.html?file=https%3A%2F%2Finnovacion.goreaysen.cl%2Fficwp%2Fwp-content%2Fuploads%2F2020%2F09%2FAcuer2742.pdf\" style=\"width:1200px;height:600px\"><\/iframe><\/div>\n\n\n\n<\/div>\n","protected":false},"excerpt":{"rendered":"","protected":false},"author":1,"featured_media":0,"parent":0,"menu_order":0,"comment_status":"closed","ping_status":"closed","template":"","meta":{"neve_meta_sidebar":"full-width","neve_meta_container":"","neve_meta_enable_content_width":"on","neve_meta_content_width":100,"neve_meta_title_alignment":"","neve_meta_author_avatar":"","neve_post_elements_order":"","neve_meta_disable_header":"","neve_meta_disable_footer":"","neve_meta_disable_title":"","_themeisle_gutenberg_block_has_review":false,"_ti_tpc_template_sync":false,"_ti_tpc_template_id":"","footnotes":""},"class_list":["post-1321","page","type-page","status-publish","hentry"],"_links":{"self":[{"href":"https:\/\/innovacion.goreaysen.cl\/ficwp\/wp-json\/wp\/v2\/pages\/1321"}],"collection":[{"href":"https:\/\/innovacion.goreaysen.cl\/ficwp\/wp-json\/wp\/v2\/pages"}],"about":[{"href":"https:\/\/innovacion.goreaysen.cl\/ficwp\/wp-json\/wp\/v2\/types\/page"}],"author":[{"embeddable":true,"href":"https:\/\/innovacion.goreaysen.cl\/ficwp\/wp-json\/wp\/v2\/users\/1"}],"replies":[{"embeddable":true,"href":"https:\/\/innovacion.goreaysen.cl\/ficwp\/wp-json\/wp\/v2\/comments?post=1321"}],"version-history":[{"count":2,"href":"https:\/\/innovacion.goreaysen.cl\/ficwp\/wp-json\/wp\/v2\/pages\/1321\/revisions"}],"predecessor-version":[{"id":1470,"href":"https:\/\/innovacion.goreaysen.cl\/ficwp\/wp-json\/wp\/v2\/pages\/1321\/revisions\/1470"}],"wp:attachment":[{"href":"https:\/\/innovacion.goreaysen.cl\/ficwp\/wp-json\/wp\/v2\/media?parent=1321"}],"curies":[{"name":"wp","href":"https:\/\/api.w.org\/{rel}","templated":true}]}}