{"id":1325,"date":"2020-09-20T00:07:15","date_gmt":"2020-09-20T03:07:15","guid":{"rendered":"https:\/\/innovacion.goreaysen.cl\/ficwp\/?page_id=1325"},"modified":"2020-12-29T17:47:34","modified_gmt":"2020-12-29T20:47:34","slug":"iniciativas-2011","status":"publish","type":"page","link":"https:\/\/innovacion.goreaysen.cl\/ficwp\/iniciativas-2011\/","title":{"rendered":"Iniciativas 2011"},"content":{"rendered":"\n<p class=\"collapseomatic \" id=\"id6a06061b441ae\"  tabindex=\"0\" title=\" Listado Iniciativas (Desplegar)\"    > Listado Iniciativas (Desplegar)<\/p><p id='swap-id6a06061b441ae'  class='colomat-swap' style='display:none;'>Listado Iniciativas<\/p><div id=\"target-id6a06061b441ae\" class=\"collapseomatic_content \">\n\n\n\n<figure class=\"wp-block-table is-style-stripes\"><table><tbody><tr><td><strong>Entidad Ejecutora<\/strong><\/td><td><strong>Nombre Proyecto<\/strong><\/td><td><strong>&nbsp;Monto Total&nbsp;($)<\/strong><\/td><td><strong>&nbsp;Aporte FIC-R ($)<\/strong><\/td><\/tr><tr><td><strong>CORFO\/INNOVA<\/strong><\/td><td>Transferencia Fondo para el Apoyo de Emprendimientos<\/td><td>&nbsp;&nbsp;&nbsp;&nbsp;&nbsp;&nbsp; 780.000.000<\/td><td>&nbsp;&nbsp;&nbsp; 600.000.000<\/td><\/tr><tr><td><strong>CONICYT<\/strong><\/td><td>Capacitaci\u00f3n Clubes de Investigaci\u00f3n Cient\u00edfica Escolar<\/td><td>&nbsp;&nbsp;&nbsp;&nbsp;&nbsp;&nbsp;&nbsp;&nbsp; 22.222.000<\/td><td>&nbsp;&nbsp;&nbsp;&nbsp;&nbsp; 22.222.000<\/td><\/tr><tr><td><strong>CONICYT<\/strong><\/td><td>Difusi\u00f3n Exposiciones Interactivas e Itinerantes<\/td><td>&nbsp;&nbsp;&nbsp;&nbsp;&nbsp;&nbsp;&nbsp;&nbsp; 31.350.000<\/td><td>&nbsp;&nbsp;&nbsp;&nbsp;&nbsp; 31.350.000<\/td><\/tr><tr><td><strong>FIA<\/strong><\/td><td>Transferencia Convocatoria de Proyectos de Innovaci\u00f3n Silvoagropecuario para la regi\u00f3n de Ays\u00e9n<\/td><td>&nbsp;&nbsp;&nbsp;&nbsp;&nbsp;&nbsp; 300.000.000<\/td><td>&nbsp;&nbsp;&nbsp; 300.000.000<\/td><\/tr><tr><td><strong>CONICYT<\/strong><\/td><td>Transferencia Fondo Metodolog\u00eda RIS Fortalecimiento SRI en Regi\u00f3n de Ays\u00e9n<\/td><td>&nbsp;&nbsp;&nbsp;&nbsp;&nbsp;&nbsp; 150.000.000<\/td><td>&nbsp;&nbsp;&nbsp; 150.000.000<\/td><\/tr><tr><td><strong>UACH<\/strong><\/td><td>Difusi\u00f3n Torneo Interescolar de Emprendimiento<\/td><td>&nbsp;&nbsp;&nbsp;&nbsp;&nbsp;&nbsp;&nbsp;&nbsp; 88.415.000<\/td><td>&nbsp;&nbsp;&nbsp;&nbsp;&nbsp; 88.415.000<\/td><\/tr><tr><td><strong>UACH<\/strong><\/td><td>Capacitaci\u00f3n Programa Piloto para la Captaci\u00f3n de Mit\u00edlidos<\/td><td>&nbsp;&nbsp;&nbsp;&nbsp;&nbsp;&nbsp;&nbsp;&nbsp; 96.004.000<\/td><td>&nbsp;&nbsp;&nbsp;&nbsp;&nbsp; 96.004.000<\/td><\/tr><tr><td><strong>CIEP<\/strong><\/td><td>Transferencia Sistema de Innovaci\u00f3n Educativa Pesca Artesanal<\/td><td>&nbsp;&nbsp;&nbsp;&nbsp;&nbsp;&nbsp; 187.649.000<\/td><td>&nbsp;&nbsp;&nbsp; 187.649.000<\/td><\/tr><tr><td><strong>CIEP<\/strong><\/td><td>Transferencia Sistema de Informaci\u00f3n Territorios Borde Mar<\/td><td>&nbsp;&nbsp;&nbsp;&nbsp;&nbsp;&nbsp;&nbsp;&nbsp; 89.626.000<\/td><td>&nbsp;&nbsp;&nbsp;&nbsp;&nbsp; 89.626.000<\/td><\/tr><tr><td><strong>UACH<\/strong><\/td><td>Capacitaci\u00f3n Apoyo desde el Sector Acu\u00edcola a la Ed. Media T\u00e9cnico Profesional<\/td><td>&nbsp;&nbsp;&nbsp;&nbsp;&nbsp;&nbsp;&nbsp;&nbsp; 76.503.000<\/td><td>&nbsp;&nbsp;&nbsp;&nbsp;&nbsp; 76.503.000<\/td><\/tr><tr><td><strong>UACH-CIEP<\/strong><\/td><td>Transferencia de TICS para la Promoci\u00f3n Turismo Independiente en Ays\u00e9n<\/td><td>&nbsp;&nbsp;&nbsp;&nbsp;&nbsp;&nbsp; 115.438.000<\/td><td>&nbsp;&nbsp;&nbsp; 115.438.000<\/td><\/tr><tr><td><strong>UACH<\/strong><\/td><td>Capacitaci\u00f3n en Emprendimiento e Innovaci\u00f3n para la Ed. Superior<\/td><td>&nbsp;&nbsp;&nbsp;&nbsp;&nbsp;&nbsp;&nbsp;&nbsp; 77.064.000<\/td><td>&nbsp;&nbsp;&nbsp;&nbsp;&nbsp; 77.064.000<\/td><\/tr><tr><td><strong>UACH<\/strong><\/td><td>Difusi\u00f3n y Visibilidad del Sistema Regional de Innovaci\u00f3n Ays\u00e9n<\/td><td>&nbsp;&nbsp;&nbsp;&nbsp;&nbsp;&nbsp; 111.640.000<\/td><td>&nbsp;&nbsp;&nbsp; 111.640.000<\/td><\/tr><tr><td><strong>UACH-CIEP<\/strong><\/td><td>Transferencia Investigaci\u00f3n, Innovaci\u00f3n y Desarrollo en el Borde Mar<\/td><td>&nbsp;&nbsp;&nbsp;&nbsp;&nbsp;&nbsp; 100.969.000<\/td><td>&nbsp;&nbsp;&nbsp; 100.969.000<\/td><\/tr><\/tbody><\/table><\/figure>\n\n\n\n<\/div>\n\n\n\n<p class=\"collapseomatic \" id=\"id6a06061b4425b\"  tabindex=\"0\" title=\"Acuerdo Core 1 (Desplegar)\"    >Acuerdo Core 1 (Desplegar)<\/p><p id='swap-id6a06061b4425b'  class='colomat-swap' style='display:none;'>Acuerdo Core 1<\/p><div id=\"target-id6a06061b4425b\" class=\"collapseomatic_content \">\n\n\n\n<div class=\"wp-block-algori-pdf-viewer-block-algori-pdf-viewer\"><iframe class=\"wp-block-algori-pdf-viewer-block-algori-pdf-viewer-iframe\" src=\"https:\/\/innovacion.goreaysen.cl\/ficwp\/wp-content\/plugins\/algori-pdf-viewer\/dist\/web\/viewer.html?file=https%3A%2F%2Finnovacion.goreaysen.cl%2Fficwp%2Fwp-content%2Fuploads%2F2020%2F09%2FAcuer2940.pdf\" style=\"width:1200px;height:600px\"><\/iframe><\/div>\n\n\n\n<\/div>\n\n\n\n<p class=\"collapseomatic \" id=\"id6a06061b442a0\"  tabindex=\"0\" title=\"Acuerdo Core 2 (Desplegar)\"    >Acuerdo Core 2 (Desplegar)<\/p><p id='swap-id6a06061b442a0'  class='colomat-swap' style='display:none;'>Acuerdo Core 2<\/p><div id=\"target-id6a06061b442a0\" class=\"collapseomatic_content \">\n\n\n\n<div class=\"wp-block-algori-pdf-viewer-block-algori-pdf-viewer\"><iframe class=\"wp-block-algori-pdf-viewer-block-algori-pdf-viewer-iframe\" src=\"https:\/\/innovacion.goreaysen.cl\/ficwp\/wp-content\/plugins\/algori-pdf-viewer\/dist\/web\/viewer.html?file=https%3A%2F%2Finnovacion.goreaysen.cl%2Fficwp%2Fwp-content%2Fuploads%2F2020%2F09%2FAcuer2959.pdf\" style=\"width:1200px;height:600px\"><\/iframe><\/div>\n\n\n\n<\/div>\n\n\n\n<p class=\"collapseomatic \" id=\"id6a06061b442d5\"  tabindex=\"0\" title=\"Acuerdo Core 3 (Desplegar)\"    >Acuerdo Core 3 (Desplegar)<\/p><p id='swap-id6a06061b442d5'  class='colomat-swap' style='display:none;'>Acuerdo Core 3<\/p><div id=\"target-id6a06061b442d5\" class=\"collapseomatic_content \">\n\n\n\n<div class=\"wp-block-algori-pdf-viewer-block-algori-pdf-viewer\"><iframe class=\"wp-block-algori-pdf-viewer-block-algori-pdf-viewer-iframe\" src=\"https:\/\/innovacion.goreaysen.cl\/ficwp\/wp-content\/plugins\/algori-pdf-viewer\/dist\/web\/viewer.html?file=https%3A%2F%2Finnovacion.goreaysen.cl%2Fficwp%2Fwp-content%2Fuploads%2F2020%2F09%2FAcuer2971.pdf\" style=\"width:1200px;height:600px\"><\/iframe><\/div>\n\n\n\n<\/div>\n","protected":false},"excerpt":{"rendered":"","protected":false},"author":1,"featured_media":0,"parent":0,"menu_order":0,"comment_status":"closed","ping_status":"closed","template":"","meta":{"neve_meta_sidebar":"full-width","neve_meta_container":"","neve_meta_enable_content_width":"on","neve_meta_content_width":100,"neve_meta_title_alignment":"","neve_meta_author_avatar":"","neve_post_elements_order":"","neve_meta_disable_header":"","neve_meta_disable_footer":"","neve_meta_disable_title":"","_themeisle_gutenberg_block_has_review":false,"_ti_tpc_template_sync":false,"_ti_tpc_template_id":"","footnotes":""},"class_list":["post-1325","page","type-page","status-publish","hentry"],"_links":{"self":[{"href":"https:\/\/innovacion.goreaysen.cl\/ficwp\/wp-json\/wp\/v2\/pages\/1325"}],"collection":[{"href":"https:\/\/innovacion.goreaysen.cl\/ficwp\/wp-json\/wp\/v2\/pages"}],"about":[{"href":"https:\/\/innovacion.goreaysen.cl\/ficwp\/wp-json\/wp\/v2\/types\/page"}],"author":[{"embeddable":true,"href":"https:\/\/innovacion.goreaysen.cl\/ficwp\/wp-json\/wp\/v2\/users\/1"}],"replies":[{"embeddable":true,"href":"https:\/\/innovacion.goreaysen.cl\/ficwp\/wp-json\/wp\/v2\/comments?post=1325"}],"version-history":[{"count":3,"href":"https:\/\/innovacion.goreaysen.cl\/ficwp\/wp-json\/wp\/v2\/pages\/1325\/revisions"}],"predecessor-version":[{"id":1471,"href":"https:\/\/innovacion.goreaysen.cl\/ficwp\/wp-json\/wp\/v2\/pages\/1325\/revisions\/1471"}],"wp:attachment":[{"href":"https:\/\/innovacion.goreaysen.cl\/ficwp\/wp-json\/wp\/v2\/media?parent=1325"}],"curies":[{"name":"wp","href":"https:\/\/api.w.org\/{rel}","templated":true}]}}